{"id":49,"date":"2023-06-07T16:02:12","date_gmt":"2023-06-07T16:02:12","guid":{"rendered":"http:\/\/raf-mix.pl\/?page_id=49"},"modified":"2023-06-12T14:14:10","modified_gmt":"2023-06-12T14:14:10","slug":"o-firmie","status":"publish","type":"page","link":"https:\/\/raf-mix.pl\/?page_id=49","title":{"rendered":"O firmie"},"content":{"rendered":"<p>[et_pb_section fb_built=&#8221;1&#8243; theme_builder_area=&#8221;post_content&#8221; _builder_version=&#8221;4.21.0&#8243; _module_preset=&#8221;default&#8221; title_text=&#8221;Projekt bez nazwy(6)&#8221; background_image=&#8221;https:\/\/raf-mix.pl\/wp-content\/uploads\/2023\/06\/Projekt-bez-nazwy6.png&#8221; hover_enabled=&#8221;0&#8243; sticky_enabled=&#8221;0&#8243;][et_pb_row _builder_version=&#8221;4.21.0&#8243; _module_preset=&#8221;default&#8221; theme_builder_area=&#8221;post_content&#8221;][et_pb_column _builder_version=&#8221;4.21.0&#8243; _module_preset=&#8221;default&#8221; type=&#8221;4_4&#8243; theme_builder_area=&#8221;post_content&#8221;][et_pb_text _builder_version=&#8221;4.21.0&#8243; _module_preset=&#8221;default&#8221; theme_builder_area=&#8221;post_content&#8221; text_font=&#8221;Athiti|600|||||||&#8221; text_text_color=&#8221;#FFFFFF&#8221; text_font_size=&#8221;20px&#8221; text_orientation=&#8221;justified&#8221; hover_enabled=&#8221;0&#8243; sticky_enabled=&#8221;0&#8243; animation_style=&#8221;fade&#8221;]<\/p>\n<p>Firma handlowo us\u0142ugowa Raf-mix istnieje ju\u017c od 2000 roku. Przez ten czas poznali\u015bmy specyfik\u0119 rynku i zdobyli\u015bmy cenne do\u015bwiadczenie niezb\u0119dne do owocnej wsp\u00f3\u0142pracy z klientami. Zajmujemy si\u0119 handlem rozmaitymi produktami , pocz\u0105wszy od artyku\u0142\u00f3w spawalniczych, pneumatycznych, \u015bciernych, armatury przemys\u0142owej,\u00a0 na kompresorach sko\u0144czywszy.<br \/>Stawiamy na bezkonkurencyjne w naszym powiecie ceny oferowanych przez nas artyku\u0142\u00f3w. \u015awiadczymy r\u00f3wnie\u017c us\u0142ugi z zakresu toczenia, frezowania , szlifowania i ostrzenia. Obs\u0142ugujemy wiele du\u017cych licz\u0105cych si\u0119 na rynku firm z naszego regionu. Ka\u017cdy klient odwiedzaj\u0105cy sklep mo\u017ce liczy\u0107 na indywidualne podej\u015bcie z naszej strony. Firmom ,z kt\u00f3rymi nawi\u0105zali\u015bmy sta\u0142\u0105 wsp\u00f3\u0142prac\u0119 oferujemy korzystne rabaty.<br \/>Nie boimy si\u0119 nowych, nawet trudnych wyzwa\u0144, potrafimy pracowa\u0107 pod presj\u0105 czasu, naszym priorytetem jest zadowolenie naszych kontrahent\u00f3w. Kierujemy si\u0119 dewiz\u0105- nie ma rzeczy niemo\u017cliwych.<br \/>Zapraszamy do wsp\u00f3\u0142pracy<\/p>\n<p>[\/et_pb_text][\/et_pb_column][\/et_pb_row][\/et_pb_section]<\/p>\n","protected":false},"excerpt":{"rendered":"<p>Firma handlowo us\u0142ugowa Raf-mix istnieje ju\u017c od 2000 roku. Przez ten czas poznali\u015bmy specyfik\u0119 rynku i zdobyli\u015bmy cenne do\u015bwiadczenie niezb\u0119dne do owocnej wsp\u00f3\u0142pracy z klientami. Zajmujemy si\u0119 handlem rozmaitymi produktami , pocz\u0105wszy od artyku\u0142\u00f3w spawalniczych, pneumatycznych, \u015bciernych, armatury przemys\u0142owej,\u00a0 na kompresorach sko\u0144czywszy.Stawiamy na bezkonkurencyjne w naszym powiecie ceny oferowanych przez nas artyku\u0142\u00f3w. \u015awiadczymy r\u00f3wnie\u017c us\u0142ugi [&hellip;]<\/p>\n","protected":false},"author":1,"featured_media":0,"parent":0,"menu_order":0,"comment_status":"closed","ping_status":"closed","template":"page-template-fullwidth.php","meta":{"_et_pb_use_builder":"on","_et_pb_old_content":"<!-- wp:divi\/placeholder \/-->","_et_gb_content_width":""},"_links":{"self":[{"href":"https:\/\/raf-mix.pl\/index.php?rest_route=\/wp\/v2\/pages\/49"}],"collection":[{"href":"https:\/\/raf-mix.pl\/index.php?rest_route=\/wp\/v2\/pages"}],"about":[{"href":"https:\/\/raf-mix.pl\/index.php?rest_route=\/wp\/v2\/types\/page"}],"author":[{"embeddable":true,"href":"https:\/\/raf-mix.pl\/index.php?rest_route=\/wp\/v2\/users\/1"}],"replies":[{"embeddable":true,"href":"https:\/\/raf-mix.pl\/index.php?rest_route=%2Fwp%2Fv2%2Fcomments&post=49"}],"version-history":[{"count":3,"href":"https:\/\/raf-mix.pl\/index.php?rest_route=\/wp\/v2\/pages\/49\/revisions"}],"predecessor-version":[{"id":109,"href":"https:\/\/raf-mix.pl\/index.php?rest_route=\/wp\/v2\/pages\/49\/revisions\/109"}],"wp:attachment":[{"href":"https:\/\/raf-mix.pl\/index.php?rest_route=%2Fwp%2Fv2%2Fmedia&parent=49"}],"curies":[{"name":"wp","href":"https:\/\/api.w.org\/{rel}","templated":true}]}}